ivisor of d and g.
21
Let n(i) = -i**2 - 9*i + 13. Suppose -p + h - 2*h = 12, 5*h = 3*p + 20. Let b be n(p). Calculate the greatest common divisor of b and 27.
3
Suppose 0 = -6*y + 2*y + 20. Suppose 4*l + y*u - 105 = 0, 6*l - 125 = l - 5*u. Calculate the highest common divisor of l and 160.
20
Let i = -35 - -25. Let z be ((-36)/15)/(2/i). Calculate the greatest common divisor of 48 and z.
12
Let n(p) = 3 + 0 - 3*p + 0 - 1. Let s be n(-3). Suppose 4*a + 2*x - 362 = 0, 5*a + 2*x = -3*x + 465. Calculate the greatest common factor of s and a.
11
Let b(s) = -39*s + 2. Let f be b(-2). What is the greatest common factor of 10 and f?
10
Let r = 44 - 32. Calculate the highest common divisor of 4 and r.
4
Suppose -5 + 0 = 5*r, -4*l - 4*r + 72 = 0. Let d(y) = 5*y + 21. Let j be d(11). What is the greatest common factor of j and l?
19
Suppose f = -4*k + 53, -f = -5*k - 0*k + 64. What is the greatest common divisor of k and 91?
13
Suppose 5*i - 68 = -4*o, -14 - 18 = -2*i - 4*o. Let f(x) = 3*x - 2*x + 1 - 3*x + x**2. Let a be f(7). Calculate the highest common divisor of a and i.
12
Let g be (528/(-14))/(1/(-7)). What is the highest common divisor of 33 and g?
33
Let d = -31 + 41. What is the highest common factor of 50 and d?
10
Suppose -h - 1 = -2. Let r be (1/(-3))/(h/(-57)). What is the highest common factor of r and 19?
19
Let u(b) = 3*b**2 + 8*b - 5. Let p be u(-5). Calculate the greatest common factor of 50 and p.
10
Suppose 21 = 3*g - 0. Let a be (g - 6)/(1/5). Let f be 188/20 - 2/a. Calculate the highest common factor of 9 and f.
9
Let n be (2/6)/(2/78). Let a = 20 + -20. Suppose -3*h = -a*h - m - 308, 4*m = 3*h - 296. Calculate the highest common factor of n and h.
13
Let u(h) = -9*h - 12. Let o be u(-6). Calculate the greatest common divisor of o and 63.
21
Suppose 5*z + 8 - 3 = 0. Let p(y) = -5*y**3 + 1. Let v be p(z). Let d = -4 + v. What is the greatest common factor of 16 and d?
2
Let l(d) = -8*d**2 + 3*d - 6. Let z(m) = -7*m**2 + 4*m - 6. Let j(r) = -6*l(r) + 7*z(r). Let o be j(7). What is the highest common divisor of 15 and o?
15
Let a = -14 - -16. Suppose 3*x - 200 = -a*x. Calculate the highest common factor of 10 and x.
10
Suppose -95 = -2*p + 87. Let f be (-2)/(-8) + (-1)/4. Suppose x + x - 26 = f. What is the highest common divisor of x and p?
13
Let q(w) be the third derivative of -w**4/24 + 19*w**3/6 + 3*w**2. Let m be q(10). Calculate the greatest common divisor of 9 and m.
9
Let y be ((-30)/8)/(1/4). Let x be (y/6 - 3)*-2. What is the greatest common factor of x and 11?
11
Suppose 4*v + 0*n - 38 = 3*n, v = -2*n + 15. Calculate the greatest common divisor of 55 and v.
11
Suppose -396 = 59*f - 63*f. Calculate the greatest common factor of f and 9.
9
Let k be (0 + 3)/(6/22). Let v = -8 + k. What is the greatest common factor of v and 12?
3
Let f = -6 + 5. Let b = f + 4. Calculate the greatest common divisor of 27 and b.
3
Let w = 26 + -16. Let k = w - 2. Calculate the highest common divisor of 1 and k.
1
Suppose -3*b + 27 = -18. What is the highest common divisor of 6 and b?
3
Let v(j) = -j**2 - 22*j - 62. Let y be v(-18). Let h = -5 - -25. Calculate the greatest common divisor of h and y.
10
Suppose p = -7 + 21. Suppose 4*a = 4*y + 148, -y = -4*a - 2*y + 138. Calculate the highest common factor of a and p.
7
Let t be 2210/91 + (-2)/7. Calculate the greatest common divisor of t and 8.
8
Let g be (-122)/(-8) - 8/32. What is the highest common divisor of g and 15?
15
Suppose 0 = m + 2 - 47. Let f be 10/m - (-133)/9. Calculate the greatest common divisor of f and 15.
15
Let o(u) = 4*u**2 - 1. Let f be o(-1). Suppose 0*m - f*m + 81 = 0. What is the greatest common factor of m and 18?
9
Let f = 130 - -926. Suppose 0 = 5*x - x - f. What is the highest common factor of 24 and x?
24
Let j(v) = -v**2 + 14*v - 7. Let t be j(13). Let g be (-132)/9*36/(-8). Calculate the highest common divisor of g and t.
6
Suppose 12*i = 14*i - 84. Calculate the highest common factor of i and 14.
14
Let m = 0 - 0. Let y be (-3)/(-3) + (m - 1). Suppose y = -3*f + 26 - 5. What is the greatest common divisor of f and 35?
7
Suppose 0 = 4*z - 5*c - 88, -3*z + 71 = -0*z - 5*c. Calculate the greatest common divisor of z and 136.
17
Let k(u) be the third derivative of 14*u**5/15 + u**4/24 + u**3/6 + 5*u**2. Let q be k(-1). Calculate the highest common divisor of 7 and q.
7
Let p(z) = z**3 - 10*z**2 + z + 4. Let k be p(10). Suppose k*h + 12 = 16*h. Calculate the greatest common divisor of 15 and h.
3
Let j = 52 + -30. What is the highest common factor of j and 154?
22
Let y(l) = -l**2 - 3*l - 2. Let g be y(-3). Let s be 0/(-2)*1/g. Suppose 3*b - 5*b + 2*m + 66 = s, 0 = 3*m - 9. What is the highest common factor of 12 and b?
12
Suppose 0 = -5*l - 2*t + 1368 + 1055, 2*l + t - 969 = 0. Suppose l = 3*a - f, -a - 328 = -3*a + 3*f. Calculate the greatest common divisor of a and 23.
23
Let l(c) = -2*c + 13. Let j be l(-8). What is the greatest common divisor of j and 29?
29
Let x = -86 + 150. Suppose 283*s - 576 = 277*s. Calculate the greatest common factor of x and s.
32
Suppose 5*w - 70 = -3*z, -22 - 24 = -3*w - z. What is the highest common factor of w and 85?
17
Let h(a) = 4*a**2 - a + 88. Let c be h(0). Calculate the highest common factor of 132 and c.
44
Let q = 18 + -12. Let u be q/(-21) - 26/7. Let h be (-3)/u - (-25)/4. What is the highest common divisor of h and 1?
1
Suppose -100 = -k - 3*k - 4*t, -5*k - 4*t + 123 = 0. Suppose -215 = -4*y + i, 0 = -5*i + 2 + k. What is the greatest common divisor of y and 11?
11
Let a(g) = -29*g - 2. Let f = -3 + 3. Suppose f = -y - 4*y - 10. Let r be a(y). Calculate the greatest common factor of r and 14.
14
Let m = 21 - 13. Suppose -3*k + m = -1. Let x(g) = -g**3 + 3*g**2 + 2*g + 3. Let h be x(k). Calculate the greatest common factor of 36 and h.
9
Let m = -95 + 118. What is the greatest common divisor of m and 253?
23
Suppose -7*f + 630 = 2*f. What is the greatest common divisor of f and 14?
14
Let f(w) = w**2 + 2*w + 2. Let t be f(-3). Suppose 5*q = t*a - 180, -116 + 296 = 5*a + q. Calculate the greatest common divisor of 12 and a.
12
Suppose 3*d = 8*o - 6*o - 27, 0 = d - 5. Calculate the greatest common divisor of o and 273.
21
Let v(a) = -2*a + 22. Let z be v(7). Calculate the greatest common divisor of 32 and z.
8
Let s be ((-46)/(-6))/1*(24 - 21). What is the greatest common divisor of 23 and s?
23
Let p(t) = t + 18. Let v be p(-8). Calculate the highest common factor of 15 and v.
5
Let c be 2/(-11) - (-105)/33. Suppose 4*v = x + 322, -3*x = c + 3. What is the greatest common divisor of 32 and v?
16
Let z(w) = -w**3 + 5*w**2 - 2*w - 2. Let h be z(4). Let y = 1 + 1. What is the greatest common factor of y and h?
2
Let b be (11 - 16)/(1/(-2)). Calculate the highest common factor of 20 and b.
10
Suppose -20 = -3*q - 2*q, -p - 2*q = 27. Let g = p + 54. Calculate the greatest common divisor of g and 209.
19
Let s = 13 + -19. Let p = 10 + s. What is the greatest common divisor of p and 36?
4
Let w = 27 + 50. Calculate the greatest common factor of w and 11.
11
Suppose -15*k - 28 = -17*k. Suppose 0*t + 21 = 3*t. What is the highest common divisor of t and k?
7
Let u = 437 + -227. What is the highest common divisor of u and 84?
42
Suppose -7*o - 22 = -3*j - 3*o, -4*j = -4*o - 24. Suppose -y + 210 = j*y. Let d(n) = -3*n - 10. Let v be d(-8). What is the greatest common divisor of y and v?
14
Let a(q) = -2 + 2 - 2 + 3*q - 4*q. Suppose 0 = -s - 8*b + 3*b - 28, -36 = 3*s + 3*b. Let k be a(s). What is the greatest common factor of k and 24?
6
Suppose 0*k = -3*k + 9. Let h(o) = 5*o - 4. Let j be h(k). What is the highest common divisor of j and 121?
11
Let l be (-1)/4 - 159/(-12). Let g be -5*((-91)/(-15))/((-2)/6). Calculate the highest common divisor of g and l.
13
Let z(m) = -m + 10. Let u be z(6). Let c be -4*((-81)/(-12) - -4). Let y = 75 + c. What is the greatest common divisor of u and y?
4
Suppose 0 = 2*s - 0 - 12. Calculate the highest common divisor of 4 and s.
2
Suppose 0 = 3*k + k - 16. What is the greatest common divisor of 10 and k?
2
Suppose 4*x = -0*x + 80. Let b be x/(-8)*(-88)/10. What is the greatest common factor of 11 and b?
11
Suppose -5*a = 4*h - 28, -5*h - 4*a = -0*a - 26. Suppose -5*q + 22 = 2*b - b, 3*b - h*q 